+ 37. Let w(x) = 4 - 10 - 26*x + h*x. Determine w(s).
-11
Let w(h) = h**2 + 103*h + 671. Let c be w(-7). Let b(a) = 5*a**3 + a + 1. What is b(c)?
-5
Let y(i) = -8*i + 56. Let h be y(7). Let k(v) = 6*v + h*v**3 - 2*v**2 - 6 + v**3 - v**2 - 2*v**2. Give k(5).
24
Let u(g) = 12*g + 5. Let k(z) = 3*z + 1. Let a(r) = -r + 3. Let x be a(5). Let p(j) = x*u(j) + 9*k(j). Let s be (-12)/(-126)*6*28/8. Determine p(s).
5
Let o(y) = -y**2 - 1. Let a(s) = 3*s - 1. Let w be a(1). Suppose 3*z = -0*n - 5*n + 107, -w*n - 2*z = -42. Let u be 4/3*(-33)/n. Give o(u).
-5
Suppose 228 + 540 = 64*u. Let f(m) = -m**2 + 7*m + 60. Give f(u).
0
Let o(s) be the third derivative of s**6/120 + s**5/6 - 9*s**4/8 - 35*s**3/6 + 2*s**2 - 2*s + 20. What is o(-12)?
1
Let l = 113 - 106. Let d(q) = -10 + l*q - 2 + 5*q + 9. Calculate d(2).
21
Let f(j) = -8*j**3 - 23*j**2 - 57*j + 52. Let w(u) = 11*u**3 + 32*u**2 + 79*u - 73. Let o(r) = 18*f(r) + 13*w(r). Give o(0).
-13
Let c(z) be the second derivative of -z**4/12 - 4*z**3 + 5*z**2/2 - 3386*z. What is c(-23)?
28
Let s be (-1*(-5 + 2))/((-2)/(-126)). Suppose 2*c - s = -7*c. Suppose 26 = 5*u - 2*z + 4, -4*u + 5*z = -c. Let j(d) = 6*d + 3. Determine j(u).
27
Suppose 4*p + 57*h = 52*h - 3, -2*p + 4*h = 34. Let o(i) = i**3 + 6*i**2 - 6*i + 2. Calculate o(p).
-5
Let f = 317 + -309. Suppose 3*l + 3*y + 2 = f*y, -5*l - y = 50. Let h(u) = -u - 12. What is h(l)?
-3
Let n(w) = -6 - 1702*w + w**2 - 2*w**2 + 1684*w. What is n(-16)?
26
Let q = -4 + 13. Let t(r) = 2 - 12 + q*r + 6 - r**2. What is t(8)?
4
Let b(k) = -k**2 - 12*k - 6. Let m = 135 - 119. Let h = 6 - m. Calculate b(h).
14
Let x(g) = -41*g**3 + 8*g**2 + 4*g - 8. Let n(y) = -49*y**3 + 9*y**2 + 4*y - 9. Let s(i) = 5*n(i) - 6*x(i). Let u be 1 + 1 - (15 - 17). Calculate s(u).
3
Let q be ((-12)/(-10))/((-1)/135). Let n = q + 156. Let j(x) = -3*x - 10. What is j(n)?
8
Suppose 4*d - 9*d - i + 16 = 0, 0 = d - 4*i + 1. Let c(g) = 7*g - 4*g**2 + 3 + d*g + 3 - g**3 - 6*g. Determine c(-4).
-10
Suppose -4*x + 16 = -0*x. Let y(z) be the second derivative of 0 - 2/3*z**3 - 1/2*z**2 - 333*z. What is y(x)?
-17
Let h be (-2 + 2)*1/9*-3. Let i(j) = -6 + 7 - j**2 + h. Let p(a) = 4*a**2 - 2*a - 10. Let r(m) = -3*i(m) - p(m). What is r(5)?
-8
Let o = -54683/6 - -9114. Let z(m) be the second derivative of 1/12*m**4 - o*m**3 - 7*m + 0 + 6*m**2. Calculate z(0).
12
Suppose 531 = -0*y - 4*y - 5*r, -5*y + 5*r = 720. Let v = -132 - y. Let f(c) = -c - 1 + 3*c - 4*c + 3*c. Determine f(v).
6
Let u(f) be the second derivative of -f**4/12 + f**3/6 + 51*f**2/2 - f - 14. What is u(-6)?
9
Let w(h) be the first derivative of 3*h**2/2 + 13*h + 210. Suppose 5*p + 19 = 4*k, -3*p - 3*k + 6 = -4*p. Give w(p).
4
Let g(w) be the second derivative of w**4/4 - 8*w**3/3 - 25*w**2 + 35*w - 72. Calculate g(8).
14
Let a(h) be the third derivative of 0 + 2*h**2 - 1/6*h**3 + 1/24*h**4 + 14*h. Determine a(0).
-1
Let v be 10 - (7 - (2 - -3)) - 4. Suppose 2*l - 3*p + 17 = 0, 3*l - 3 + 29 = v*p. Let w(r) = -r - 10. What is w(l)?
0
Let v(z) = -z**3 - z**2 + 4*z - 2. Let x(s) = s**2. Let l(g) = -v(g) - 4*x(g). Let o = 25521 - 25517. Give l(o).
2
Let t(n) = 2*n. Let i be 236/6 + (-12)/36. Suppose 3*r = -4*c - 112, -3*c = 3*r + 66 + 48. Let j = r + i. Determine t(j).
-2
Let s(f) = 21*f - 247. Let o(x) = -5*x + 84. Let m(z) = 7*o(z) + 2*s(z). What is m(-11)?
17
Let h(k) be the first derivative of k**4/12 + 4*k**3/3 + 7*k**2/2 - 535*k - 730. Let u(x) be the first derivative of h(x). Let w = -4 + -3. Give u(w).
0
Let d = 72 + -147. Let q = d - -77. Let u(s) = -3*s**3 - 21*s**q + s - 16*s**2 + 37*s**2. Determine u(1).
-2
Let x(v) = 4*v + 166046 - 4*v - 2*v - 166053. Let u = 15 - 22. Give x(u).
7
Let b be 3 + -31*(-4 + 3). Let o(f) = -28 + f - b + 70. Calculate o(-9).
-1
Let u(m) = 4*m**2 + 9*m + 19. Let w(h) = -h**2 - 3*h - 6. Let o(x) = 2*u(x) + 7*w(x). Let a = -6259 + 6262. What is o(a)?
-4
Let g(j) = 379*j + 27. Let b be g(1). Let k = -409 + b. Let l(h) = h**2 + 6*h + 2. Calculate l(k).
-7
Let y(g) = 13*g**3 - g**2 + g + 2. Suppose 17 = -19*f + 2*f. Calculate y(f).
-13
Let d(z) = 27*z**2 - 10*z - 28. Let a(r) = -47*r**2 + 20*r + 54. Let l(k) = -4*a(k) - 7*d(k). Determine l(-7).
1
Let o(x) be the first derivative of -7*x**4/24 + x**3/3 - 12*x**2 + 69. Let z(c) be the second derivative of o(c). Determine z(-2).
16
Let g(v) be the first derivative of -v**3/2 + v**2 - 179*v + 231. Let h(b) be the first derivative of g(b). Give h(-5).
17
Let k = -3697 + 3703. Let g(c) = -c**3 + 7*c**2 - 7*c - 7. Determine g(k).
-13
Let a(n) = -21*n - 88. Let o be a(11). Let y be 29/(o/22) + 6 + -1. Let i(r) = r**3 - 4*r**2 + 3*r + 2. Determine i(y).
2
Suppose -12*s - 66 = -18. Let a(z) = 2*z**2 + 8*z + 4. Let n be a(s). Let o(c) = 3*c - 27. Let q(k) = k - 9. Let t(g) = 3*o(g) - 8*q(g). Determine t(n).
-5
Suppose 2*v + 13 = 3*t - 13, -5*t + 22 = 2*v. Let m be 3 + 1 + -2 + 0. Let y(d) = -2*d + m*d**2 + 1 + 6*d - 3*d**2 - d. Determine y(t).
-17
Let c = 17804 + -17804. Let z(a) = -a**3 + 2*a**2 - a + 21. What is z(c)?
21
Let f(u) = -u**3 + 2*u**2 + 2*u - 3. Let w = -17 + 20. Suppose -51 = -20*s + w*s. What is f(s)?
-6
Let p(j) = -2 + 1455*j + 4*j**2 + 3 + 3 - 1453*j + j**3. Calculate p(-3).
7
Let f(v) = -2*v**3 + 4*v**2 + 2. Suppose -o - 2*y + 7 = 0, 3*y - 220 = -214. Calculate f(o).
-16
Let w be (-20)/6 + 2/6. Let h(a) be the first derivative of -5*a**4/24 + 15*a**2/2 + 34. Let y(d) be the second derivative of h(d). Determine y(w).
15
Let d(u) = -4*u**2 + 13*u + 12. Let s(k) = -8*k - 379 - 7*k + 365 + 5*k**2. Let n(y) = -6*d(y) - 5*s(y). What is n(-5)?
-12
Suppose -2*z - 3 - 11 = 0. Let s(k) = 3*k**3 + 17*k**2 - 6*k - 4. Let n(q) = -4*q**3 - 23*q**2 + 8*q + 4. Let o(t) = 4*n(t) + 5*s(t). Calculate o(z).
-18
Let m(a) = a**3 - 5*a**2 - 4*a + 6. Let c(n) = n**3 + 5*n**2 - 28*n - 19. Let d be c(-8). Let i(l) = -2*l**2 + 23*l + 44. Let o be i(d). Give m(o).
-14
Let j(l) = l**3 + 4*l**2 + 2*l + 14. Let n(i) = 17*i**3 - 11*i**3 - 16 - 5*i**2 - 3*i + 0*i**3 - 7*i**3. Let r(v) = -6*j(v) - 5*n(v). Give r(3).
-13
Let x be 18/21 + (-8004)/(-609). Let g(h) = -2*h + 33. What is g(x)?
5
Let m(a) be the third derivative of -a**6/120 + a**5/5 - 13*a**4/24 + 5*a**3/2 - 42*a**2. Give m(11).
-7
Let a = -852 - -849. Let c(u) = -6*u**3 - 2 + 8*u**3 + 4*u**2 - u + 0. What is c(a)?
-17
Suppose 5*s - 19*s = -238. Let q(k) = 24 + 3*k + s + 23 - 67. Give q(7).
18
Let i(f) = -f**2 + 7*f - 4. Suppose -3*a - 1186 = -2*x, -84*x + 87*x - 5*a - 1781 = 0. Let g = 592 - x. Give i(g).
6
Let q be 0/(5/(30/(-24))). Suppose -8*x + 7 + 33 = q. Let u(y) = y**2 - 5*y - 3. Give u(x).
-3
Suppose 23*h - 17*h - 12 = 0. Let q(m) = 26 + 2*m**h - 53 + 23 - m + m**3 - 7*m**2. Let d = -12 + 17. Calculate q(d).
-9
Suppose -g + 23 = -5*u, g + 32 = 5*g - 5*u. Suppose -g*i + 29 = -5*t, 4*t = -4*i + i - 7. Let k(o) = 2 - 7 - o**2 - i*o - 3*o. Give k(-5).
0
Let y(n) be the first derivative of n**4/4 - 8*n**3 + 10*n**2 + 75*n - 1475. What is y(23)?
6
Let x(s) = 13*s**3 - 49*s**2 + 28*s + 17. Let t(p) = -2*p + 5 + 4*p**3 - 12*p**2 + 4*p + 5*p - p**3. Let c(d) = 9*t(d) - 2*x(d). What is c(9)?
-7
Let p(v) = -127*v + 1018. Let c be p(8). Let f(k) = -18*k + 16. Determine f(c).
-20
Let q(t) = 11*t**2 - 8. Let c(p) = 4*p**2 - 3. Let i = 48 + -44. Suppose 2*r + 4 = -5*s, -3*s = i*r - 8*s - 22. Let w(m) = r*q(m) - 8*c(m). Give w(-1).
1
Let m(u) = u**2 - u - 2. Suppose 1288 - 1312 = -8*b. Give m(b).
4
Suppose 0 = -n + 20 + 24. Suppose 11*p + 0*p - n = 0. Suppose 0*c = p*c. Let b(i) = i**2 + 9. What is b(c)?
9
Let p(h) = 0 - 3 + 2*h**2 + 5. Suppose -312*y - 3*n - 13 = -308*y, 0 = y + n + 5. Calculate p(y).
10
Suppose -8*k - 396 + 1156 = 0. Let v = k - 98. Let o(i) = -3*i + 1. What is o(v)?
10
Let s(b) = b**3 + 19*b**2 - 44*b - 46. Let q be (25/(50/21))/((-3)/6). Give s(q).
-4
Suppose 6 = -v - 4*v - 2*m, -3*v = 2*m + 2. Let h(s) = s + 4. Let r(f) = -3*f - 9. Let w(b) = v*h(b) - r(b). What is w(7)?
8
Let d(b) = 8*b + 7. Let r(t) be the first derivative of -t**2/2 - t - 2. Suppose -12*m - 20 + 8 = 0. Let k(h) = m*d(h) - 4*r(h). What is k(-2)?
5
Let u(w) be the first derivative of -w**2/2 + 3*w - 93. Suppose 4*a + 14 = c - 8, -5*a - c - 32 = 0. Give u(a).
9
Let d = 107 + -59. Suppose d = -7*u - u. Let g(v) = -v**3 - 5*v**2 + 5*v - 3. Calcu